- -8475. List the prime factors of i.
11, 13, 19
Let f be (-40)/(-30)*60174/2. Suppose 10*n - f + 3566 = 0. What are the prime factors of 3/(-7) + n/35?
2, 13
Let b(o) be the first derivative of 4*o**2 - 5*o**2 + 4 - 5*o**2 - o. List the prime factors of b(-1).
11
Suppose 7*w = 8*w - 4*h - 937, -4742 = -5*w + h. List the prime factors of w.
13, 73
Let y be 1*-5 + (-33)/(-3) + -4. Suppose -514 + 1498 = y*s. List the prime factors of s.
2, 3, 41
Let v(i) = -659*i - 3905. List the prime factors of v(-17).
2, 41, 89
Suppose 4*l + 27*s - 80947 = 0, 2*s + 54169 = 2*l + 13711. What are the prime factors of l?
2, 5, 7, 17
Let z = -3073 + 7673. What are the prime factors of z?
2, 5, 23
Let a be (12/(-12))/((-4)/(-15064)). Let q = -2349 - a. List the prime factors of q.
13, 109
Let v(q) be the first derivative of -q**4/4 + 5*q**3/3 + 7*q**2/2 - 6*q + 15. Let r(b) = -b**2 + 8*b + 12. Let h be r(9). What are the prime factors of v(h)?
3, 11
Let h(i) = 27*i - 68. Let m = 58 + -35. What are the prime factors of h(m)?
7, 79
Let l(b) = 563*b**2 - 185*b - 8. What are the prime factors of l(-5)?
2, 937
Let t(s) = -2*s + 6. Let x be t(0). Let y(h) = 4*h - 21. Let r be y(x). Suppose -r = -z + 10. List the prime factors of z.
13
Suppose 22*a + 314*a = -124*a + 3101780. What are the prime factors of a?
11, 613
Suppose 0 = 93*u + 57*u - 1130850. What are the prime factors of u?
3, 7, 359
Suppose -1934 - 2925 = -k - 278. List the prime factors of k.
3, 509
Let u = 32 + -32. Suppose u = -9*n + 12*n - 9. Suppose 5*b = 3*l - 26, -l + n*b = -0*l - 2. List the prime factors of l.
17
Let q(s) = -s**3 - 6*s**2 - 21*s - 188. Let d be q(-7). Suppose -5*u - 115 = 2*p, 2*u - 84 - 41 = 3*p. Let a = d - p. What are the prime factors of a?
53
Suppose 4*k - 60324 = -4*c, 8*c - 10*c = 3*k - 30166. List the prime factors of c.
15077
Let k(h) be the second derivative of 11*h**4/24 + 7*h**3/6 - 3*h**2/2 + 4*h. Let t(m) be the first derivative of k(m). What are the prime factors of t(5)?
2, 31
Let k(g) be the first derivative of -4*g**3 - 3*g**2 + 11*g + 10. Let f(n) be the first derivative of k(n). What are the prime factors of f(-3)?
2, 3, 11
Let a = -3402 - -3402. Let q = 40 - 4. Suppose -4*n + q = -a*n. What are the prime factors of n?
3
Let z(x) = x**3 - 6*x**2 - 1. Let l be z(6). Let p be (-2 + l)/((-12)/(-108)). What are the prime factors of (-2)/(-9) - 1047/p?
3, 13
Let m = 113 + -113. Suppose -3*q + 5*t + 440 = m, 3*t = -5*q + 548 + 208. What are the prime factors of q?
2, 3, 5
List the prime factors of 10972 - ((0 - (-132)/12) + -23).
2, 1373
Let m(y) = 1652*y + 804. What are the prime factors of m(2)?
2, 13, 79
Let p(i) = -21 + 12*i + 4*i**2 + 11*i + 15*i - 30*i. Let r be p(-10). Suppose -r = 10*q - 1419. What are the prime factors of q?
2, 7
Let c(n) = -n**3 - 3*n**2 + 8*n - 8. Let t be c(-6). Let v = t + 100. List the prime factors of v.
2, 19
Suppose 2*t + 4*m + 40 = 0, 2*t - 3*m - 3 = -15. Let d(n) = -n**3 - 8*n**2 + 25*n + 1. List the prime factors of d(t).
277
Suppose -21*n = -23*n + 2770. What are the prime factors of (n/(-9) + (-20)/(-90))*-6?
2, 461
Suppose -5*g + 5*s + 468450 = 0, -2*g - 6*s = -s - 187408. List the prime factors of g.
2, 79, 593
Let i = -57270 - -132625. What are the prime factors of i?
5, 7, 2153
Let x(z) = -2 + 5 - 15*z + z**3 + 274*z**2 - 280*z**2. Let o be x(8). Suppose r - 2*r = h - 9, 3*h - 5*r - o = 0. What are the prime factors of h?
7
Let k be (30/(-4))/(6/(-16)). Let z = -17 + k. Suppose z*f - 62 = 49. List the prime factors of f.
37
Let b be 3 + -5 - (0 + 4 - 10). Let g(z) = z**2 - 5*z + 11. Let w be g(b). Suppose -1664 = w*a - 23*a. List the prime factors of a.
2, 13
List the prime factors of (-128)/896 + ((-37409)/7)/(-1).
2, 167
Suppose j + 14 = -4*v - 6, j + 14 = -v. List the prime factors of 110/132 - 3362/j.
281
Let g be (1 - 0*(-3)/(-12))*0. Suppose 406*p - 401*p - 8855 = g. List the prime factors of p.
7, 11, 23
Suppose 37*d + 3*b = 32*d + 4, -3*d + 4*b - 15 = 0. List the prime factors of -55*2*(161/(-35) + d).
2, 7, 11
Let c be (8/(-3))/2*99. Let q = -105 - c. Suppose q = t - 4*k + 2*k, -5*t + 5*k = -130. List the prime factors of t.
5
Let t = 1832 + -1149. Suppose -699 - 448 = -5*y + 2*u, 0 = -3*y - 4*u + t. What are the prime factors of y?
229
What are the prime factors of -1*(-12293)/4*4?
19, 647
Let n = -46 - -48. Let r be (-1 - (1 + -2)*-128)*n. Let d = 397 + r. What are the prime factors of d?
139
Let c(b) = 1548*b + 9. Let s be c(-2). Let k = -1466 - s. What are the prime factors of k?
1621
Suppose 3*m + 5*t = -9, -2*m - 6*t + 1 = -5*t. Let i be -6 + m - 420/(-10). Suppose 4*q = 4*w + 92, 3*q + i = 5*q - 4*w. List the prime factors of q.
3
Suppose 0 = 6*k + 33*k + 39117. Let b = -661 - k. What are the prime factors of b?
2, 3, 19
Let k = -804 - -545. Let t = -125 - k. What are the prime factors of t?
2, 67
Suppose 4*p + n - 153 = 0, p + p - 74 = 2*n. Suppose -158 = 8*a - p. Let f = 237 + a. What are the prime factors of f?
2, 3, 37
Let j be (-3)/((-2)/4 - (-110)/308). Suppose 19417 = j*f - 386. What are the prime factors of f?
23, 41
Let d = 217741 - 144403. What are the prime factors of d?
2, 3, 17, 719
Suppose -357 + 10 = d. Let p = -210 - d. What are the prime factors of p?
137
Let b be 1*-16*(-44)/(-8). Let h be (-12)/6*(-2 - b/(-2)). Suppose 18 - h = -v. What are the prime factors of v?
2, 37
Let x = 79 + -285. Let z = 1047 - x. List the prime factors of z.
7, 179
Suppose -5*d - 23 = 2, -2*y + 4*d = -7264. What are the prime factors of y?
2, 1811
Suppose -4475*o = -4502*o + 241947. What are the prime factors of o?
3, 29, 103
Let a = -80 + 90. Suppose -206 = -a*k - 66. Suppose -7*b = -k*b + 1365. List the prime factors of b.
3, 5, 13
Let x be -397 + (-12)/(-6) + -2. Let t = -38 - x. What are the prime factors of t?
359
Let o(w) = 121*w**2 + 926*w - 2. List the prime factors of o(-19).
3, 5, 37, 47
Suppose 13*m = 9*m + 8. Suppose 0 = t + 3, -21 = -h - m*h + 5*t. Suppose 2*s - h*y - 134 = -y, 309 = 5*s + 4*y. List the prime factors of s.
5, 13
Let c = -28 + 33. Suppose -c*a - 16 = -3*a. List the prime factors of 3 + a + 164*1.
3, 53
Let l be (-1)/(-1) - 1*(-9 - 790). Suppose 29*t = 37*t - l. List the prime factors of t.
2, 5
Suppose 0 = -4*a + 4*r + 124, -2*a - r = -a - 35. Let n = a - -365. Suppose 2*q - 148 = -0*d - 2*d, 5*q = 2*d + n. What are the prime factors of q?
2, 3, 13
Suppose -253*q + 250*q + 111240 = 5*p, -2*p + 74160 = 2*q. What are the prime factors of q?
2, 3, 5, 103
Suppose -2*l = -5*i + 97022, -38828 = 119*i - 121*i + 4*l. List the prime factors of i.
2, 89, 109
Let n(r) = 1556*r**2 + 53*r + 4. What are the prime factors of n(-2)?
2, 3061
Let m = 177 - 77. Let f(c) = 23*c - m*c + 2 - 43*c. What are the prime factors of f(-1)?
2, 61
Suppose -c = 1 - 3. Let f = -16 + -80. What are the prime factors of 16/f - 919/(-12)*c?
3, 17
Let j = -6595 - -12645. What are the prime factors of j?
2, 5, 11
Suppose -2*h - 5704 = 5*y - 44246, 5*h = -2*y + 96376. What are the prime factors of h?
2, 61, 79
Let t be (-32)/40 + (-2)/10. Let n be (-5)/2*18/(-15). What are the prime factors of (-2)/(-4)*(t + 356 - n)?
2, 11
Let t be (1736/6)/(26/156). Let a = -21 - -34. Suppose a*r + r = t. List the prime factors of r.
2, 31
Suppose w + 16 = -5*m, -2*m + 9 = 3*w - 8. What are the prime factors of (-279)/108*w*-52?
3, 13, 31
Let q be 1/2 + 9980/40. Suppose -2*y - 3*y = -q. What are the prime factors of y?
2, 5
Suppose -4*s = -c - c, -2*c = 4*s. Let p be ((-4)/(-6))/(2974/270 + -11). Suppose -3*t + 8*t = -q + p, t + 5 = s. What are the prime factors of q?
2, 5, 7
Let m = 13161 - 7556. List the prime factors of m.
5, 19, 59
Suppose 2*q - 24*l - 67590 = -26*l, l = -2*q + 67592. List the prime factors of q.
33797
Let t = 7565 - -17133. What are the prime factors of t?
2, 53, 233
Suppose -19840 = -5*s + h, 822*s - 823*s + 3959 = -2*h. List the prime factors of s.
3, 7
Let v(h) = -10 - 42 + 3*h**2 + 12. What are the prime factors of v(-10)?
2, 5, 13
Let q(h) = 61*h**2 + h - 13. Let x be q(-5). Let r = x + -967. List the prime factors of r.
2, 3, 5
Suppose -3*c - 2*f + 6 = 2*c, -4*c = 5*f + 2. Suppose 27 - 93 = -c*k. Let a = k - -20. List the prime factors of a.
53
Let m = -38 + 44. Suppose 0 = -m*g - 117 + 3687. Suppose -5*s = -i 